 = h**2 + 200*h + 6190. Give x(-162).
34
Let c(r) = -r**3 + 4*r**2 + 27*r - 1621. Determine c(-18).
5021
Let u(o) = -12005*o - 96031. Calculate u(-8).
9
Let r(w) = -2*w**3 - 12*w**2 - 98*w + 599. Calculate r(4).
-113
Let q(l) = l**2 - 691146*l - 12440945. Calculate q(-18).
7
Let d(n) = 7*n**2 + 246*n + 1864. Determine d(-11).
5
Let f(t) = -2*t**2 - 1382*t + 1430214. Calculate f(-1259).
-10
Let t(i) = 3*i**2 - 5031*i + 239220. Give t(49).
-96
Let k(v) = -2*v**3 + 72*v**2 + 57*v + 646. Determine k(37).
17
Let r(s) = -s**3 + 4*s**2 + 2409*s - 14510. Give r(6).
-128
Let x(o) = o**3 - 406*o**2 - 2030*o - 12174. What is x(411)?
-1899
Let d(r) = -2*r**3 - 133*r**2 - 52*r + 666. Determine d(-66).
-258
Let p(m) = -4*m**3 + 200*m**2 - 1676*m + 83803. Determine p(50).
3
Let s(p) = -26*p + 106. Give s(35).
-804
Let i(v) = -23*v + 1256. Give i(36).
428
Let x(b) = -2*b**3 + 14*b**2 + 104*b - 1005. Give x(14).
-2293
Let n(r) = -757*r + 39423. Determine n(52).
59
Let h(p) = 4304*p + 86081. What is h(-20)?
1
Let m(w) = -w**2 - 18298*w + 1175195. Give m(64).
27
Let l(p) = -p**3 + 3*p**2 - 37*p + 217. What is l(12)?
-1523
Let l(w) = 213*w**3 - 13*w**2 + 17*w + 14. Determine l(2).
1700
Let q(b) = 11685*b - 140321. Determine q(12).
-101
Let g(u) = -59543*u + 357266. Determine g(6).
8
Let w(s) = -s**2 - 1086*s + 51833. Determine w(46).
-239
Let l(d) = -655*d + 403472. Give l(616).
-8
Let a(n) = -66784*n + 333916. What is a(5)?
-4
Let o(b) = -5*b**2 + 2675*b - 70989. What is o(507)?
-9
Let p(c) = -3*c**3 - 109*c**2 + 358*c + 992. What is p(-39)?
-802
Let u(n) = 2513*n - 170894. Give u(68).
-10
Let d(g) = g**3 - 55*g**2 + 215*g - 15534. Calculate d(55).
-3709
Let c(o) = -15*o**2 - 25*o - 40. Give c(-1).
-30
Let j(m) = 24*m**2 - 68211*m - 68210. Calculate j(-1).
25
Let i(k) = -k**2 + 98*k + 19805. Calculate i(198).
5
Let z(a) = a**3 + 13*a**2 - 94*a - 503. Give z(0).
-503
Let o(v) = -1610*v - 21241. Calculate o(-13).
-311
Let t(v) = -1412*v + 818971. Calculate t(580).
11
Let t(g) = 24*g**2 + 704*g - 12. Give t(-29).
-244
Let m(g) = -g**2 - 489*g + 6536. What is m(13)?
10
Let s(r) = 5*r**3 + 53*r**2 - 44*r - 309. Calculate s(-12).
-789
Let b(t) = 96*t - 930. Determine b(5).
-450
Let z(w) = 455*w**2 - 23692*w + 123. Determine z(52).
-1541
Let w(l) = -17*l**3 + 17*l**2 - 10*l - 250. What is w(4)?
-1106
Let o(n) = 541*n - 34387. Determine o(63).
-304
Let p(x) = -5*x**2 - 710*x + 9270. Calculate p(-154).
30
Let b(j) = -3*j**2 + 40*j - 59. Calculate b(10).
41
Let y(d) = -d**3 - 30*d**2 - 501*d - 11333. Calculate y(-27).
7
Let q(l) = l**3 + 17*l**2 - 90*l - 1189. Calculate q(-18).
107
Let j(w) = w**2 + 98*w - 13297. Determine j(76).
-73
Let f(w) = 9*w**3 - 63*w**2 + 6*w + 62. Give f(7).
104
Let o(v) = 34861*v + 69833. What is o(-2)?
111
Let a(s) = 927*s + 14716. Determine a(-16).
-116
Let i(m) = 14*m**2 - 90*m - 652. Give i(14).
832
Let a(u) = 34*u**2 - 62430*u + 11011. Determine a(1836).
-5
Let s(t) = -731746*t - 8780947. Determine s(-12).
5
Let n(o) = o**2 + 126*o + 3834. What is n(-51)?
9
Let v(x) = 12497*x + 24934. Calculate v(-2).
-60
Let j(c) = 4*c**2 + 1395*c - 15967. Calculate j(-360).
233
Let f(j) = -147*j**2 - 5702*j - 31937. Determine f(-32).
-1
Let o(u) = -u**3 - 238*u**2 + 368*u + 30832. Determine o(-239).
1
Let n(o) = 28*o**2 + 1362*o - 428. Determine n(-49).
62
Let l(k) = 130*k**3 + 15731*k**2 + 122*k + 116. Give l(-121).
-5
Let a(q) = 83*q**2 - 571*q + 1720. Calculate a(3).
754
Let a(f) = -18*f**2 + 607*f + 916. Determine a(25).
4841
Let i(s) = -164263*s + 29238808. What is i(178)?
-6
Let q(t) = -9*t**2 + 155*t + 3759. What is q(30)?
309
Let y(a) = -a**2 + 62*a - 2553. Calculate y(49).
-1916
Let k(b) = b**3 - 39*b**2 + 233*b + 62. Calculate k(37).
5945
Let m(f) = -717396*f + 5739172. What is m(8)?
4
Let t(q) = -q**3 - 16*q**2 + 1427*q + 927. Give t(31).
-3
Let u(l) = 19*l**2 - 87*l - 567. Give u(-6).
639
Let a(l) = -l**3 - 22*l**2 + 48*l - 284. Determine a(-25).
391
Let g(d) = -d**2 - 612*d + 35243. What is g(-665)?
-2
Let q(b) = 17*b**3 + 4*b**2 + 72*b + 68. Calculate q(-1).
-17
Let i(u) = 69*u**2 + 1229*u - 4. Determine i(-19).
1554
Let m(l) = 74986*l - 299905. What is m(4)?
39
Let u(q) = -863*q**2 - 9496*q - 9. Determine u(-11).
24
Let x(d) = 11*d**3 - 97*d**2 - 21*d + 199. Give x(9).
172
Let y(k) = 34*k + 2814. Determine y(-83).
-8
Let h(r) = 82167*r + 2958030. What is h(-36)?
18
Let b(w) = 6876*w + 4118757. What is b(-599)?
33
Let z(p) = -p**3 - 27*p**2 - 47*p - 4259. Give z(-29).
-1214
Let c(s) = 11*s - 36. What is c(5)?
19
Let x(k) = 270*k + 16132. Give x(-62).
-608
Let z(l) = 3930*l - 267233. Calculate z(68).
7
Let p(f) = -f**3 + 307*f**2 - 15008*f + 539. What is p(246)?
47
Let o(j) = 468*j - 2437. Calculate o(6).
371
Let s(u) = 5*u**3 + 73*u**2 - 3040*u - 100. Calculate s(-33).
32
Let x(t) = t**3 - 173*t**2 + 430*t + 13597. Calculate x(170).
-3
Let x(i) = -33338*i + 1133505. Give x(34).
13
Let t(l) = -83321*l**2 + 5415865*l - 11. Calculate t(65).
-11
Let g(n) = 280*n + 26473. Give g(-94).
153
Let g(l) = 26914*l - 2099352. Determine g(78).
-60
Let n(s) = 6*s**2 + 5914*s + 64337. What is n(-11)?
9
Let y(h) = h**3 + 263*h**2 - 531*h - 252. Give y(-265).
13
Let d(a) = -a**2 - 139*a - 69. Determine d(0).
-69
Let v(g) = 285809*g + 1714856. What is v(-6)?
2
Let i(m) = m**3 + 19*m**2 - 1802*m + 91. Determine i(34).
91
Let m(o) = o**3 + 2*o**2 - 18*o + 155. Calculate m(-9).
-250
Let y(n) = -18810*n - 3009601. Determine y(-160).
-1
Let u(j) = -2059*j - 681221. Calculate u(-331).
308
Let c(o) = o**3 - 5*o**2 - 168*o - 121. What is c(15)?
-391
Let w(g) = -g**3 + 14*g**2 - 109*g + 904. What is w(10)?
214
Let a(c) = -365*c**2 - 697*c + 43. Give a(-2).
-23
Let p(n) = -1702*n - 25563. Calculate p(-15).
-33
Let p(b) = -b**2 + 125*b - 2189. What is p(104)?
-5
Let a(w) = 52*w**2 + 79*w - 88. Determine a(4).
1060
Let j(y) = y**3 - 206*y**2 - 6899*y + 5422. Determine j(-30).
-8
Let i(p) = -8934*p - 35743. What is i(-4)?
-7
Let o(d) = -4215*d - 101275. Determine o(-24).
-115
Let k(o) = -o**3 - 27*o**2 - 234*o - 263. What is k(-9)?
385
Let w(h) = 3*h**3 + 358*h**2 - 274*h - 4083. Give w(-120).
-3
Let w(d) = -3*d**2 - 225885*d - 903483. Calculate w(-4).
9
Let s(k) = k**3 + 6*k**2 - 461*k - 5769. Determine s(-14).
-883
Let g(y) = -22*y**2 + 3154*y + 6. Give g(143).
1150
Let i(u) = 6*u**2 - 420*u - 2270. Give i(75).
-20
Let j(a) = a**2 + 12048*a - 374448. What is j(31)?
1
Let b(u) = -1015*u + 47438. Calculate b(46).
748
Let b(v) = -v**3 - 3437*v**2 - 6866*v + 14. What is b(-2)?
6
Let i(j) = -165273*j + 165192. Calculate i(1).
-81
Let l(p) = -2*p**2 + 44*p + 10973. Calculate l(86).
-35
Let g(x) = -x**2 - 19567*x + 195919. What is g(10)?
149
Let u(f) = -f**3 + 30*f**2 + 679*f - 778. Calculate u(45).
-598
Let x(h) = 58*h**2 + 5757*h + 1491. Give x(-99).
6
Let m(o) = 25*o**2 + 1792*o - 18142. Determine m(9).
11
Let f(t) = 43595*t - 87171. Determine f(2).
19
Let m(z) = 2*z**2 - 286*z + 7272. Give m(110).
12
Let z(g) = g**3 + 70*g**2 - 2994*g + 13. Calculate z(30).
193
Let h(i) = -2314*i - 13117. Determine h(-6).
767
Let q(s) = -20*s**2 - 190*s - 195. Calculate q(-1).
-25
Let a(g) = -264*g + 34942. Calculate a(133).
-170
Let b(t) = -36*t - 2000. Give b(-19).
-1316
Let d(p) = -p**3 + 91*p**2 - 2061*p - 186. Calculate d(48).
-42
Let o(w) = -17614*w - 299444. Calculate o(-17).
-6
Let d(w) = -w**2 + 1293*w - 9006. What is d(7)?
-4
Let t(z) = 6*z**3 - 57*z**2 - 17*z - 60. Calculate t(8).
-772
Let k(c) = 2*c**2 + 206*c + 2760. What is k(-15)?
120
Let w(y) = y**3 + 3*y**2 + 413*y + 1285. Give w(0).
1285
Let f(r) = -4*r**3 - 125*r**2 - 66*r - 1121. Calculate f(-31).
-36
Let d(u) = u**3 + 12*u**2 - 303*u - 413. Determine d(-24).
-53
Let k(h) = 200*h**2 + 1408*h + 28. Determine k(-7).
-28
Let j(x) = -152*x - 32705. Calculate j(-215).
-25
Let o(w) = -4660*w**2 - 16*w - 40. Determine o(-1).
-4684
Let j(o) = -o**3 - 36*o**2 + 20*o - 7568. Calculate j(-41).
17
Let j(n) = n**2 + 12*n - 978. Determine j(-51).
1011
Let o(x) = 52227*x + 3446967. What is o(-66)?
-15
Let u(d) = -d**3 - 10*d**2 - 428*d - 26104. Determine u(-28).
-8
Let m(b) = -b**3 - 4*b**2 + 19*b + 24. Calculate m(6).
-222
Let g(l) = 4*l**3 + 18*l**2 - 3642*l + 54. What is g(28)?
-2
Let c(m) = m**3 - 77*m**2 - 1843*m - 33132. Giv